{"id":2,"date":"2026-06-23T13:41:19","date_gmt":"2026-06-23T13:41:19","guid":{"rendered":"http:\/\/www.richard-adjoute-astrologue.fr\/?page_id=2"},"modified":"2026-08-07T09:23:32","modified_gmt":"2026-08-07T07:23:32","slug":"sample-page","status":"publish","type":"page","link":"https:\/\/www.richard-adjoute-astrologue.fr\/","title":{"rendered":"A Propos"},"content":{"rendered":"\n<figure class=\"wp-block-gallery alignleft has-nested-images columns-default is-cropped wp-block-gallery-1 is-layout-flex wp-block-gallery-is-layout-flex\">\n<figure class=\"wp-block-image size-large\"><img loading=\"lazy\" decoding=\"async\" width=\"683\" height=\"1024\" data-id=\"14\" src=\"https:\/\/www.richard-adjoute-astrologue.fr\/wp-content\/uploads\/2026\/06\/photo-site-internet-1-683x1024.png\" alt=\"\" class=\"wp-image-14\" srcset=\"https:\/\/www.richard-adjoute-astrologue.fr\/wp-content\/uploads\/2026\/06\/photo-site-internet-1-683x1024.png 683w, https:\/\/www.richard-adjoute-astrologue.fr\/wp-content\/uploads\/2026\/06\/photo-site-internet-1-200x300.png 200w, https:\/\/www.richard-adjoute-astrologue.fr\/wp-content\/uploads\/2026\/06\/photo-site-internet-1-768x1152.png 768w, https:\/\/www.richard-adjoute-astrologue.fr\/wp-content\/uploads\/2026\/06\/photo-site-internet-1-1024x1536.png 1024w, https:\/\/www.richard-adjoute-astrologue.fr\/wp-content\/uploads\/2026\/06\/photo-site-internet-1.png 1280w\" sizes=\"auto, (max-width: 683px) 100vw, 683px\" \/><\/figure>\n<\/figure>\n\n\n\n<div class=\"wp-block-group is-nowrap is-layout-flex wp-container-core-group-is-layout-3a88641f wp-block-group-is-layout-flex\">\n<p class=\"has-text-align-left alignwide has-text-color has-background has-link-color wp-elements-1 wp-block-paragraph\" style=\"color:#1509f1;background-color:#69696957\">Je m\u2019appelle<a href=\"https:\/\/www.richard-adjoute-astrologue.fr\/index.php\/contact\/\" data-type=\"page\" data-id=\"22\"> <strong>Richard Adjoute<\/strong><\/a>, astrologue dipl\u00f4m\u00e9 de l\u2019\u00e9cole <strong>Maison 9<\/strong>.<\/p>\n<\/div>\n\n\n\n<p class=\"has-text-align-center alignwide has-text-color has-background has-link-color has-large-font-size wp-elements-2 wp-block-paragraph\" style=\"color:#1509f1;background-color:#69696957\">J\u2019exerce une astrologie de consultation fond\u00e9e sur l\u2019\u00e9tude du th\u00e8me natal, des cycles astrologiques et des p\u00e9riodes de transformation personnelle. Mon approche s\u2019inscrit dans une astrologie <strong>psychologique<\/strong>, avec une base <strong>traditionnelle<\/strong>, attentive \u00e0 la structure du th\u00e8me, aux dominantes plan\u00e9taires, aux maisons, aux aspects et aux grandes dynamiques de vie.<\/p>\n\n\n\n<p class=\"has-text-align-center alignwide has-text-color has-background has-link-color wp-elements-3 wp-block-paragraph\" style=\"color:#1509f1;background-color:#69696957\">Pour moi, le th\u00e8me natal n\u2019est pas une fatalit\u00e9. Il ne sert pas \u00e0 enfermer une personne dans une d\u00e9finition fig\u00e9e, mais \u00e0 mieux comprendre son fonctionnement, ses tensions int\u00e9rieures, ses ressources, ses contradictions et ses possibilit\u00e9s d\u2019\u00e9volution.<\/p>\n\n\n\n<p class=\"has-text-align-center alignwide has-text-color has-background has-link-color wp-elements-4 wp-block-paragraph\" style=\"color:#1509f1;background-color:#69696957\">Je propose des consultations autour du <strong>th\u00e8me natal<\/strong>, de l\u2019<strong>\u00e9tude des transits<\/strong>, des <strong>directions<\/strong> et de la <strong>r\u00e9volution solaire<\/strong>. Ces outils permettent d\u2019aborder le th\u00e8me dans sa profondeur, mais aussi de replacer certains moments de vie dans un cycle plus large.<\/p>\n\n\n\n<p class=\"has-text-align-center alignwide has-text-color has-background has-link-color wp-elements-5 wp-block-paragraph\" style=\"color:#1509f1;background-color:#69696957\">Ma pratique se veut claire, structur\u00e9e et accessible. Elle ne rel\u00e8ve ni de la voyance, ni de la pr\u00e9diction spectaculaire. Elle cherche avant tout \u00e0 offrir un espace d\u2019analyse, de compr\u00e9hension et de mise en perspective. En tant qu&rsquo;adh\u00e9rent FDAF (F\u00e9d\u00e9ration Des Astrologues Francophones) je m&rsquo;engage \u00e0 pratiquer l&rsquo;astrologie avec \u00e9thique et en respectant le <a href=\"https:\/\/www.richard-adjoute-astrologue.fr\/index.php\/code-de-deontologie\/\" data-type=\"page\" data-id=\"68\">code de d\u00e9ontologie <\/a>de la FDAF. (que vous retrouverez dans la page \u00ab\u00a0<a href=\"https:\/\/www.richard-adjoute-astrologue.fr\/index.php\/code-de-deontologie\/\" data-type=\"page\" data-id=\"68\">code de d\u00e9ontologie<\/a>\u00ab\u00a0)<\/p>\n\n\n\n<p class=\"has-text-align-center alignwide has-text-color has-background has-link-color wp-elements-6 wp-block-paragraph\" style=\"color:#1509f1;background-color:#69696957\"><a href=\"https:\/\/www.richard-adjoute-astrologue.fr\/index.php\/consultations\/\" data-type=\"page\" data-id=\"31\">Les consultations<\/a> se font <strong>sur rendez-vous<\/strong>, \u00e0 <strong>Aix-en-Provence<\/strong> ou <strong>\u00e0 distance<\/strong>.<\/p>\n\n\n\n<figure class=\"wp-block-image size-large\"><img loading=\"lazy\" decoding=\"async\" width=\"1024\" height=\"1024\" src=\"https:\/\/www.richard-adjoute-astrologue.fr\/wp-content\/uploads\/2026\/06\/logo-definitif-2-1-1024x1024.png\" alt=\"\" class=\"wp-image-15\" srcset=\"https:\/\/www.richard-adjoute-astrologue.fr\/wp-content\/uploads\/2026\/06\/logo-definitif-2-1-1024x1024.png 1024w, https:\/\/www.richard-adjoute-astrologue.fr\/wp-content\/uploads\/2026\/06\/logo-definitif-2-1-300x300.png 300w, https:\/\/www.richard-adjoute-astrologue.fr\/wp-content\/uploads\/2026\/06\/logo-definitif-2-1-150x150.png 150w, https:\/\/www.richard-adjoute-astrologue.fr\/wp-content\/uploads\/2026\/06\/logo-definitif-2-1-768x768.png 768w, https:\/\/www.richard-adjoute-astrologue.fr\/wp-content\/uploads\/2026\/06\/logo-definitif-2-1.png 1254w\" sizes=\"auto, (max-width: 1024px) 100vw, 1024px\" \/><\/figure>\n\n\n\n<p class=\"wp-block-paragraph\"><\/p>\n","protected":false},"excerpt":{"rendered":"<p>Je m\u2019appelle Richard Adjoute, astrologue dipl\u00f4m\u00e9 de l\u2019\u00e9cole Maison 9. J\u2019exerce une astrologie de consultation fond\u00e9e sur l\u2019\u00e9tude du th\u00e8me natal, des cycles astrologiques et des p\u00e9riodes de transformation personnelle. Mon approche s\u2019inscrit dans une astrologie psychologique, avec une base traditionnelle, attentive \u00e0 la structure du th\u00e8me, aux dominantes plan\u00e9taires, aux maisons, aux aspects et [&hellip;]<\/p>\n","protected":false},"author":1,"featured_media":10,"parent":0,"menu_order":1,"comment_status":"closed","ping_status":"open","template":"page-no-title","meta":{"footnotes":""},"class_list":["post-2","page","type-page","status-publish","has-post-thumbnail","hentry"],"_links":{"self":[{"href":"https:\/\/www.richard-adjoute-astrologue.fr\/index.php\/wp-json\/wp\/v2\/pages\/2","targetHints":{"allow":["GET"]}}],"collection":[{"href":"https:\/\/www.richard-adjoute-astrologue.fr\/index.php\/wp-json\/wp\/v2\/pages"}],"about":[{"href":"https:\/\/www.richard-adjoute-astrologue.fr\/index.php\/wp-json\/wp\/v2\/types\/page"}],"author":[{"embeddable":true,"href":"https:\/\/www.richard-adjoute-astrologue.fr\/index.php\/wp-json\/wp\/v2\/users\/1"}],"replies":[{"embeddable":true,"href":"https:\/\/www.richard-adjoute-astrologue.fr\/index.php\/wp-json\/wp\/v2\/comments?post=2"}],"version-history":[{"count":9,"href":"https:\/\/www.richard-adjoute-astrologue.fr\/index.php\/wp-json\/wp\/v2\/pages\/2\/revisions"}],"predecessor-version":[{"id":72,"href":"https:\/\/www.richard-adjoute-astrologue.fr\/index.php\/wp-json\/wp\/v2\/pages\/2\/revisions\/72"}],"wp:featuredmedia":[{"embeddable":true,"href":"https:\/\/www.richard-adjoute-astrologue.fr\/index.php\/wp-json\/wp\/v2\/media\/10"}],"wp:attachment":[{"href":"https:\/\/www.richard-adjoute-astrologue.fr\/index.php\/wp-json\/wp\/v2\/media?parent=2"}],"curies":[{"name":"wp","href":"https:\/\/api.w.org\/{rel}","templated":true}]}}

<figure class="wp-block-gallery alignleft has-nested-images columns-default is-cropped wp-block-gallery-1 is-layout-flex wp-block-gallery-is-layout-flex">
<figure class="wp-block-image size-large"><img loading="lazy" decoding="async" width="683" height="1024" data-id="14" src="https://www.richard-adjoute-astrologue.fr/wp-content/uploads/2026/06/photo-site-internet-1-683x1024.png" alt="" class="wp-image-14" srcset="https://www.richard-adjoute-astrologue.fr/wp-content/uploads/2026/06/photo-site-internet-1-683x1024.png 683w, https://www.richard-adjoute-astrologue.fr/wp-content/uploads/2026/06/photo-site-internet-1-200x300.png 200w, https://www.richard-adjoute-astrologue.fr/wp-content/uploads/2026/06/photo-site-internet-1-768x1152.png 768w, https://www.richard-adjoute-astrologue.fr/wp-content/uploads/2026/06/photo-site-internet-1-1024x1536.png 1024w, https://www.richard-adjoute-astrologue.fr/wp-content/uploads/2026/06/photo-site-internet-1.png 1280w" sizes="auto, (max-width: 683px) 100vw, 683px" /></figure>
</figure>



<div class="wp-block-group is-nowrap is-layout-flex wp-container-core-group-is-layout-3a88641f wp-block-group-is-layout-flex">
<p class="has-text-align-left alignwide has-text-color has-background has-link-color wp-elements-1 wp-block-paragraph" style="color:#1509f1;background-color:#69696957">Je m’appelle<a href="https://www.richard-adjoute-astrologue.fr/index.php/contact/" data-type="page" data-id="22"> <strong>Richard Adjoute</strong></a>, astrologue diplômé de l’école <strong>Maison 9</strong>.</p>
</div>



<p class="has-text-align-center alignwide has-text-color has-background has-link-color has-large-font-size wp-elements-2 wp-block-paragraph" style="color:#1509f1;background-color:#69696957">J’exerce une astrologie de consultation fondée sur l’étude du thème natal, des cycles astrologiques et des périodes de transformation personnelle. Mon approche s’inscrit dans une astrologie <strong>psychologique</strong>, avec une base <strong>traditionnelle</strong>, attentive à la structure du thème, aux dominantes planétaires, aux maisons, aux aspects et aux grandes dynamiques de vie.</p>



<p class="has-text-align-center alignwide has-text-color has-background has-link-color wp-elements-3 wp-block-paragraph" style="color:#1509f1;background-color:#69696957">Pour moi, le thème natal n’est pas une fatalité. Il ne sert pas à enfermer une personne dans une définition figée, mais à mieux comprendre son fonctionnement, ses tensions intérieures, ses ressources, ses contradictions et ses possibilités d’évolution.</p>



<p class="has-text-align-center alignwide has-text-color has-background has-link-color wp-elements-4 wp-block-paragraph" style="color:#1509f1;background-color:#69696957">Je propose des consultations autour du <strong>thème natal</strong>, de l’<strong>étude des transits</strong>, des <strong>directions</strong> et de la <strong>révolution solaire</strong>. Ces outils permettent d’aborder le thème dans sa profondeur, mais aussi de replacer certains moments de vie dans un cycle plus large.</p>



<p class="has-text-align-center alignwide has-text-color has-background has-link-color wp-elements-5 wp-block-paragraph" style="color:#1509f1;background-color:#69696957">Ma pratique se veut claire, structurée et accessible. Elle ne relève ni de la voyance, ni de la prédiction spectaculaire. Elle cherche avant tout à offrir un espace d’analyse, de compréhension et de mise en perspective. En tant qu&rsquo;adhérent FDAF (Fédération Des Astrologues Francophones) je m&rsquo;engage à pratiquer l&rsquo;astrologie avec éthique et en respectant le <a href="https://www.richard-adjoute-astrologue.fr/index.php/code-de-deontologie/" data-type="page" data-id="68">code de déontologie </a>de la FDAF. (que vous retrouverez dans la page « <a href="https://www.richard-adjoute-astrologue.fr/index.php/code-de-deontologie/" data-type="page" data-id="68">code de déontologie</a>« )</p>



<p class="has-text-align-center alignwide has-text-color has-background has-link-color wp-elements-6 wp-block-paragraph" style="color:#1509f1;background-color:#69696957"><a href="https://www.richard-adjoute-astrologue.fr/index.php/consultations/" data-type="page" data-id="31">Les consultations</a> se font <strong>sur rendez-vous</strong>, à <strong>Aix-en-Provence</strong> ou <strong>à distance</strong>.</p>



<figure class="wp-block-image size-large"><img loading="lazy" decoding="async" width="1024" height="1024" src="https://www.richard-adjoute-astrologue.fr/wp-content/uploads/2026/06/logo-definitif-2-1-1024x1024.png" alt="" class="wp-image-15" srcset="https://www.richard-adjoute-astrologue.fr/wp-content/uploads/2026/06/logo-definitif-2-1-1024x1024.png 1024w, https://www.richard-adjoute-astrologue.fr/wp-content/uploads/2026/06/logo-definitif-2-1-300x300.png 300w, https://www.richard-adjoute-astrologue.fr/wp-content/uploads/2026/06/logo-definitif-2-1-150x150.png 150w, https://www.richard-adjoute-astrologue.fr/wp-content/uploads/2026/06/logo-definitif-2-1-768x768.png 768w, https://www.richard-adjoute-astrologue.fr/wp-content/uploads/2026/06/logo-definitif-2-1.png 1254w" sizes="auto, (max-width: 1024px) 100vw, 1024px" /></figure>



<p class="wp-block-paragraph"></p>

<p>Je m’appelle Richard Adjoute, astrologue diplômé de l’école Maison 9. J’exerce une astrologie de consultation fondée sur l’étude du thème natal, des cycles astrologiques et des périodes de transformation personnelle. Mon approche s’inscrit dans une astrologie psychologique, avec une base traditionnelle, attentive à la structure du thème, aux dominantes planétaires, aux maisons, aux aspects et [&hellip;]</p>
