{"id":27,"date":"2026-06-23T15:14:59","date_gmt":"2026-06-23T15:14:59","guid":{"rendered":"https:\/\/www.richard-adjoute-astrologue.fr\/?page_id=27"},"modified":"2026-06-26T09:15:19","modified_gmt":"2026-06-26T07:15:19","slug":"tarifs","status":"publish","type":"page","link":"https:\/\/www.richard-adjoute-astrologue.fr\/index.php\/tarifs\/","title":{"rendered":"Tarifs"},"content":{"rendered":"\n<figure class=\"wp-block-image size-large\"><img loading=\"lazy\" decoding=\"async\" width=\"1024\" height=\"576\" src=\"http:\/\/www.richard-adjoute-astrologue.fr\/wp-content\/uploads\/2026\/06\/theme-natal-1024x576.png\" alt=\"\" class=\"wp-image-29\" srcset=\"https:\/\/www.richard-adjoute-astrologue.fr\/wp-content\/uploads\/2026\/06\/theme-natal-1024x576.png 1024w, https:\/\/www.richard-adjoute-astrologue.fr\/wp-content\/uploads\/2026\/06\/theme-natal-300x169.png 300w, https:\/\/www.richard-adjoute-astrologue.fr\/wp-content\/uploads\/2026\/06\/theme-natal-768x432.png 768w, https:\/\/www.richard-adjoute-astrologue.fr\/wp-content\/uploads\/2026\/06\/theme-natal-1536x864.png 1536w, https:\/\/www.richard-adjoute-astrologue.fr\/wp-content\/uploads\/2026\/06\/theme-natal.png 1672w\" sizes=\"auto, (max-width: 1024px) 100vw, 1024px\" \/><\/figure>\n\n\n\n<div class=\"wp-block-group is-nowrap is-layout-flex wp-container-core-group-is-layout-3a88641f wp-block-group-is-layout-flex\">\n<p class=\"wp-block-paragraph\">Th\u00e8me natal \u2014 75 \u20ac<\/p>\n<\/div>\n\n\n\n<p class=\"wp-block-paragraph\">J\u2019\u00e9tudie votre th\u00e8me natal et je vous remets un document comprenant l\u2019analyse de celui-ci du point de vue de l\u2019astrologie psychologique, avec une approche traditionnelle.<\/p>\n\n\n\n<p class=\"wp-block-paragraph\">Le tarif comprend la consultation, le dossier num\u00e9rique et, sur demande, une version papier.<\/p>\n\n\n\n<figure class=\"wp-block-image size-large\"><img loading=\"lazy\" decoding=\"async\" width=\"1024\" height=\"576\" src=\"http:\/\/www.richard-adjoute-astrologue.fr\/wp-content\/uploads\/2026\/06\/astrologie-previsionnelle-1024x576.png\" alt=\"\" class=\"wp-image-28\" srcset=\"https:\/\/www.richard-adjoute-astrologue.fr\/wp-content\/uploads\/2026\/06\/astrologie-previsionnelle-1024x576.png 1024w, https:\/\/www.richard-adjoute-astrologue.fr\/wp-content\/uploads\/2026\/06\/astrologie-previsionnelle-300x169.png 300w, https:\/\/www.richard-adjoute-astrologue.fr\/wp-content\/uploads\/2026\/06\/astrologie-previsionnelle-768x432.png 768w, https:\/\/www.richard-adjoute-astrologue.fr\/wp-content\/uploads\/2026\/06\/astrologie-previsionnelle-1536x864.png 1536w, https:\/\/www.richard-adjoute-astrologue.fr\/wp-content\/uploads\/2026\/06\/astrologie-previsionnelle.png 1672w\" sizes=\"auto, (max-width: 1024px) 100vw, 1024px\" \/><\/figure>\n\n\n\n<div class=\"wp-block-group is-nowrap is-layout-flex wp-container-core-group-is-layout-3a88641f wp-block-group-is-layout-flex\">\n<p class=\"wp-block-paragraph\">Astrologie pr\u00e9visionnelle annuelle \u2014 75 \u20ac<\/p>\n<\/div>\n\n\n\n<p class=\"wp-block-paragraph\">J\u2019\u00e9tudie votre ann\u00e9e \u00e0 partir de votre th\u00e8me natal, en utilisant conjointement les directions, les transits et la r\u00e9volution solaire. Je vous remets un document r\u00e9sultant de cette analyse.<\/p>\n\n\n\n<p class=\"wp-block-paragraph\">Cette \u00e9tude permet de replacer votre ann\u00e9e dans les cycles astrologiques en cours, afin d\u2019en d\u00e9gager les p\u00e9riodes importantes, les tensions possibles et les dynamiques favorables.<\/p>\n\n\n\n<p class=\"wp-block-paragraph\">Vous restez acteur de votre vie : il ne s\u2019agit ni de voyance, ni de divination.<\/p>\n\n\n\n<p class=\"wp-block-paragraph\">Cette consultation n\u00e9cessite de disposer pr\u00e9alablement d\u2019une analyse de votre th\u00e8me natal, r\u00e9alis\u00e9e avec moi ou avec un autre astrologue.<\/p>\n\n\n\n<p class=\"wp-block-paragraph\">Le tarif comprend la consultation, le dossier num\u00e9rique et, sur demande, une version papier.<\/p>\n\n\n\n<figure class=\"wp-block-gallery has-nested-images columns-default is-cropped wp-block-gallery-1 is-layout-flex wp-block-gallery-is-layout-flex\">\n<figure class=\"wp-block-image size-large\"><img loading=\"lazy\" decoding=\"async\" width=\"1024\" height=\"576\" data-id=\"29\" src=\"https:\/\/www.richard-adjoute-astrologue.fr\/wp-content\/uploads\/2026\/06\/theme-natal-1024x576.png\" alt=\"\" class=\"wp-image-29\" srcset=\"https:\/\/www.richard-adjoute-astrologue.fr\/wp-content\/uploads\/2026\/06\/theme-natal-1024x576.png 1024w, https:\/\/www.richard-adjoute-astrologue.fr\/wp-content\/uploads\/2026\/06\/theme-natal-300x169.png 300w, https:\/\/www.richard-adjoute-astrologue.fr\/wp-content\/uploads\/2026\/06\/theme-natal-768x432.png 768w, https:\/\/www.richard-adjoute-astrologue.fr\/wp-content\/uploads\/2026\/06\/theme-natal-1536x864.png 1536w, https:\/\/www.richard-adjoute-astrologue.fr\/wp-content\/uploads\/2026\/06\/theme-natal.png 1672w\" sizes=\"auto, (max-width: 1024px) 100vw, 1024px\" \/><\/figure>\n\n\n\n<figure class=\"wp-block-image size-large\"><img loading=\"lazy\" decoding=\"async\" width=\"1024\" height=\"576\" data-id=\"28\" src=\"https:\/\/www.richard-adjoute-astrologue.fr\/wp-content\/uploads\/2026\/06\/astrologie-previsionnelle-1024x576.png\" alt=\"\" class=\"wp-image-28\" srcset=\"https:\/\/www.richard-adjoute-astrologue.fr\/wp-content\/uploads\/2026\/06\/astrologie-previsionnelle-1024x576.png 1024w, https:\/\/www.richard-adjoute-astrologue.fr\/wp-content\/uploads\/2026\/06\/astrologie-previsionnelle-300x169.png 300w, https:\/\/www.richard-adjoute-astrologue.fr\/wp-content\/uploads\/2026\/06\/astrologie-previsionnelle-768x432.png 768w, https:\/\/www.richard-adjoute-astrologue.fr\/wp-content\/uploads\/2026\/06\/astrologie-previsionnelle-1536x864.png 1536w, https:\/\/www.richard-adjoute-astrologue.fr\/wp-content\/uploads\/2026\/06\/astrologie-previsionnelle.png 1672w\" sizes=\"auto, (max-width: 1024px) 100vw, 1024px\" \/><\/figure>\n<\/figure>\n\n\n\n<p class=\"wp-block-paragraph\">Th\u00e8me natal + astrologie pr\u00e9visionnelle annuelle \u2014 120 \u20ac<\/p>\n\n\n\n<p class=\"wp-block-paragraph\">Si vous choisissez d&rsquo;avoir une consultation compl\u00e8te, cette consultation associe l&rsquo;\u00e9tude approfondie de votre th\u00e8me natal \u00e0 l&rsquo;analyse de votre ann\u00e9e astrologique gr\u00e2ce aux transits, directions et r\u00e9volution solaire.<\/p>\n\n\n\n<p class=\"wp-block-paragraph\">Le th\u00e8me natal permet de mieux comprendre votre fonctionnement, vos ressources, vos d\u00e9fis et les grandes structures de votre personnalit\u00e9.<\/p>\n\n\n\n<p class=\"wp-block-paragraph\">L&rsquo;astrologie pr\u00e9visionnelle met ensuite ces \u00e9l\u00e9ments en perspective avec les cycles actuels afin d&rsquo;identifier les p\u00e9riodes d&rsquo;\u00e9volution, de questionnement et d&rsquo;opportunit\u00e9s.<\/p>\n\n\n\n<p class=\"wp-block-paragraph\">Le tarif comprend la consultation, le dossier num\u00e9rique et, sur demande, une version papier.<\/p>\n","protected":false},"excerpt":{"rendered":"<p>Th\u00e8me natal \u2014 75 \u20ac J\u2019\u00e9tudie votre th\u00e8me natal et je vous remets un document comprenant l\u2019analyse de celui-ci du point de vue de l\u2019astrologie psychologique, avec une approche traditionnelle. Le tarif comprend la consultation, le dossier num\u00e9rique et, sur demande, une version papier. Astrologie pr\u00e9visionnelle annuelle \u2014 75 \u20ac J\u2019\u00e9tudie votre ann\u00e9e \u00e0 partir [&hellip;]<\/p>\n","protected":false},"author":1,"featured_media":0,"parent":0,"menu_order":0,"comment_status":"closed","ping_status":"closed","template":"","meta":{"footnotes":""},"class_list":["post-27","page","type-page","status-publish","hentry"],"_links":{"self":[{"href":"https:\/\/www.richard-adjoute-astrologue.fr\/index.php\/wp-json\/wp\/v2\/pages\/27","targetHints":{"allow":["GET"]}}],"collection":[{"href":"https:\/\/www.richard-adjoute-astrologue.fr\/index.php\/wp-json\/wp\/v2\/pages"}],"about":[{"href":"https:\/\/www.richard-adjoute-astrologue.fr\/index.php\/wp-json\/wp\/v2\/types\/page"}],"author":[{"embeddable":true,"href":"https:\/\/www.richard-adjoute-astrologue.fr\/index.php\/wp-json\/wp\/v2\/users\/1"}],"replies":[{"embeddable":true,"href":"https:\/\/www.richard-adjoute-astrologue.fr\/index.php\/wp-json\/wp\/v2\/comments?post=27"}],"version-history":[{"count":5,"href":"https:\/\/www.richard-adjoute-astrologue.fr\/index.php\/wp-json\/wp\/v2\/pages\/27\/revisions"}],"predecessor-version":[{"id":64,"href":"https:\/\/www.richard-adjoute-astrologue.fr\/index.php\/wp-json\/wp\/v2\/pages\/27\/revisions\/64"}],"wp:attachment":[{"href":"https:\/\/www.richard-adjoute-astrologue.fr\/index.php\/wp-json\/wp\/v2\/media?parent=27"}],"curies":[{"name":"wp","href":"https:\/\/api.w.org\/{rel}","templated":true}]}}

<figure class="wp-block-image size-large"><img loading="lazy" decoding="async" width="1024" height="576" src="http://www.richard-adjoute-astrologue.fr/wp-content/uploads/2026/06/theme-natal-1024x576.png" alt="" class="wp-image-29" srcset="https://www.richard-adjoute-astrologue.fr/wp-content/uploads/2026/06/theme-natal-1024x576.png 1024w, https://www.richard-adjoute-astrologue.fr/wp-content/uploads/2026/06/theme-natal-300x169.png 300w, https://www.richard-adjoute-astrologue.fr/wp-content/uploads/2026/06/theme-natal-768x432.png 768w, https://www.richard-adjoute-astrologue.fr/wp-content/uploads/2026/06/theme-natal-1536x864.png 1536w, https://www.richard-adjoute-astrologue.fr/wp-content/uploads/2026/06/theme-natal.png 1672w" sizes="auto, (max-width: 1024px) 100vw, 1024px" /></figure>



<div class="wp-block-group is-nowrap is-layout-flex wp-container-core-group-is-layout-3a88641f wp-block-group-is-layout-flex">
<p class="wp-block-paragraph">Thème natal — 75 €</p>
</div>



<p class="wp-block-paragraph">J’étudie votre thème natal et je vous remets un document comprenant l’analyse de celui-ci du point de vue de l’astrologie psychologique, avec une approche traditionnelle.</p>



<p class="wp-block-paragraph">Le tarif comprend la consultation, le dossier numérique et, sur demande, une version papier.</p>



<figure class="wp-block-image size-large"><img loading="lazy" decoding="async" width="1024" height="576" src="http://www.richard-adjoute-astrologue.fr/wp-content/uploads/2026/06/astrologie-previsionnelle-1024x576.png" alt="" class="wp-image-28" srcset="https://www.richard-adjoute-astrologue.fr/wp-content/uploads/2026/06/astrologie-previsionnelle-1024x576.png 1024w, https://www.richard-adjoute-astrologue.fr/wp-content/uploads/2026/06/astrologie-previsionnelle-300x169.png 300w, https://www.richard-adjoute-astrologue.fr/wp-content/uploads/2026/06/astrologie-previsionnelle-768x432.png 768w, https://www.richard-adjoute-astrologue.fr/wp-content/uploads/2026/06/astrologie-previsionnelle-1536x864.png 1536w, https://www.richard-adjoute-astrologue.fr/wp-content/uploads/2026/06/astrologie-previsionnelle.png 1672w" sizes="auto, (max-width: 1024px) 100vw, 1024px" /></figure>



<div class="wp-block-group is-nowrap is-layout-flex wp-container-core-group-is-layout-3a88641f wp-block-group-is-layout-flex">
<p class="wp-block-paragraph">Astrologie prévisionnelle annuelle — 75 €</p>
</div>



<p class="wp-block-paragraph">J’étudie votre année à partir de votre thème natal, en utilisant conjointement les directions, les transits et la révolution solaire. Je vous remets un document résultant de cette analyse.</p>



<p class="wp-block-paragraph">Cette étude permet de replacer votre année dans les cycles astrologiques en cours, afin d’en dégager les périodes importantes, les tensions possibles et les dynamiques favorables.</p>



<p class="wp-block-paragraph">Vous restez acteur de votre vie : il ne s’agit ni de voyance, ni de divination.</p>



<p class="wp-block-paragraph">Cette consultation nécessite de disposer préalablement d’une analyse de votre thème natal, réalisée avec moi ou avec un autre astrologue.</p>



<p class="wp-block-paragraph">Le tarif comprend la consultation, le dossier numérique et, sur demande, une version papier.</p>



<figure class="wp-block-gallery has-nested-images columns-default is-cropped wp-block-gallery-1 is-layout-flex wp-block-gallery-is-layout-flex">
<figure class="wp-block-image size-large"><img loading="lazy" decoding="async" width="1024" height="576" data-id="29" src="https://www.richard-adjoute-astrologue.fr/wp-content/uploads/2026/06/theme-natal-1024x576.png" alt="" class="wp-image-29" srcset="https://www.richard-adjoute-astrologue.fr/wp-content/uploads/2026/06/theme-natal-1024x576.png 1024w, https://www.richard-adjoute-astrologue.fr/wp-content/uploads/2026/06/theme-natal-300x169.png 300w, https://www.richard-adjoute-astrologue.fr/wp-content/uploads/2026/06/theme-natal-768x432.png 768w, https://www.richard-adjoute-astrologue.fr/wp-content/uploads/2026/06/theme-natal-1536x864.png 1536w, https://www.richard-adjoute-astrologue.fr/wp-content/uploads/2026/06/theme-natal.png 1672w" sizes="auto, (max-width: 1024px) 100vw, 1024px" /></figure>



<figure class="wp-block-image size-large"><img loading="lazy" decoding="async" width="1024" height="576" data-id="28" src="https://www.richard-adjoute-astrologue.fr/wp-content/uploads/2026/06/astrologie-previsionnelle-1024x576.png" alt="" class="wp-image-28" srcset="https://www.richard-adjoute-astrologue.fr/wp-content/uploads/2026/06/astrologie-previsionnelle-1024x576.png 1024w, https://www.richard-adjoute-astrologue.fr/wp-content/uploads/2026/06/astrologie-previsionnelle-300x169.png 300w, https://www.richard-adjoute-astrologue.fr/wp-content/uploads/2026/06/astrologie-previsionnelle-768x432.png 768w, https://www.richard-adjoute-astrologue.fr/wp-content/uploads/2026/06/astrologie-previsionnelle-1536x864.png 1536w, https://www.richard-adjoute-astrologue.fr/wp-content/uploads/2026/06/astrologie-previsionnelle.png 1672w" sizes="auto, (max-width: 1024px) 100vw, 1024px" /></figure>
</figure>



<p class="wp-block-paragraph">Thème natal + astrologie prévisionnelle annuelle — 120 €</p>



<p class="wp-block-paragraph">Si vous choisissez d&rsquo;avoir une consultation complète, cette consultation associe l&rsquo;étude approfondie de votre thème natal à l&rsquo;analyse de votre année astrologique grâce aux transits, directions et révolution solaire.</p>



<p class="wp-block-paragraph">Le thème natal permet de mieux comprendre votre fonctionnement, vos ressources, vos défis et les grandes structures de votre personnalité.</p>



<p class="wp-block-paragraph">L&rsquo;astrologie prévisionnelle met ensuite ces éléments en perspective avec les cycles actuels afin d&rsquo;identifier les périodes d&rsquo;évolution, de questionnement et d&rsquo;opportunités.</p>



<p class="wp-block-paragraph">Le tarif comprend la consultation, le dossier numérique et, sur demande, une version papier.</p>

<p>Thème natal — 75 € J’étudie votre thème natal et je vous remets un document comprenant l’analyse de celui-ci du point de vue de l’astrologie psychologique, avec une approche traditionnelle. Le tarif comprend la consultation, le dossier numérique et, sur demande, une version papier. Astrologie prévisionnelle annuelle — 75 € J’étudie votre année à partir [&hellip;]</p>
